 be b(-5). What is the greatest common factor of j and d?
21
Suppose 5*g - 4*b - 37 = 0, 7 = 4*b - 1. Let o be (-1)/(g/2) + (-5200)/(-234). Suppose -5*k + 3*k = -352. Calculate the highest common divisor of o and k.
22
Let b be (-96)/544 - 1026675/(-255). Calculate the greatest common factor of 366 and b.
366
Suppose 0 = 2*g, -3*g = u - 73 - 158. Suppose -43 = 2*j + 9*j - 769. Calculate the greatest common factor of u and j.
33
Let o(b) = 145*b**2 - 6*b + 9. Let w(y) = -288*y**2 + 12*y - 17. Let v(j) = -5*o(j) - 3*w(j). Let r be v(2). What is the greatest common factor of r and 50?
50
Let r be 7*57*476/98. Calculate the greatest common divisor of 19 and r.
19
Suppose 2*j + 3*b = 1, -2*j + 14*b - 18*b = 0. Suppose 30 = o + 4*o + 5*r, r + 24 = 5*o. What is the highest common divisor of j and o?
1
Let a = 990 - -102. Let n be (a/(-30))/(2/(-5)). Calculate the greatest common factor of 13 and n.
13
Suppose b + 2*i - 3906 = 1192, 25518 = 5*b + 3*i. Calculate the greatest common divisor of b and 74.
74
Let h = -62 + 94. Let g = 243023 - 242287. What is the greatest common factor of h and g?
32
Let x = -1806 - -1821. Calculate the highest common factor of x and 4590.
15
Suppose -78281 = -223*d + 55965. What is the highest common factor of 658 and d?
14
Let o = 185 - 93. Let j = o - 59. Let c = -30 + j. What is the greatest common divisor of 24 and c?
3
Let d(c) = 1690*c - 5932. Let a be d(4). Calculate the highest common divisor of a and 506.
46
Let h be 41/(2460/1360)*(-2 + 5). What is the greatest common factor of 60 and h?
4
Suppose -4*f = -20, 0*f - 10 = -4*h + 2*f. Let c(y) = -85*y**2 + 86*y**2 + 13*y - 4 + 5. Let p be c(-13). Calculate the greatest common factor of p and h.
1
Let b be 22/(-55) - 664/(-10). Let t(q) = 16*q + 12. Let a be t(-2). Let i be ((-5)/a - 1580/(-16)) + 0. What is the highest common divisor of b and i?
33
Let f be -2 + (-1)/((-8)/(-64)). Let t be (8 - (f + -2)) + 4. What is the greatest common factor of t and 120?
24
Let y be 122/4 - 15*10/(-100). Let w = -1114 + 1722. Calculate the greatest common divisor of y and w.
32
Let d be (2/(-5) + 5712/480)*22. What is the greatest common factor of d and 943?
23
Suppose -44*g + 1721328 = 68*g. What is the greatest common divisor of g and 109?
109
Suppose 3*u - 6*h + h + 841 = 0, u + 267 = -h. Let y = -157 - u. What is the greatest common divisor of y and 5?
5
Suppose -344*m = -363*m + 760. Let f be 1 + -3*1 + 18. What is the greatest common divisor of m and f?
8
Let d = -10544 + 11581. What is the greatest common factor of 1525 and d?
61
Suppose 30 = 3*a - 3*q, -3*q = -18*a + 23*a - 42. Suppose o + 891 = 4*o - 3*c, 297 = o + 5*c. Calculate the highest common divisor of o and a.
9
Let k be (2 - -164 - -2) + (-26 + -106)/33. Calculate the highest common factor of k and 4838.
82
Suppose 0*a - 5*a - 810 = -35*a. What is the greatest common divisor of 333 and a?
9
Let c(y) = 215*y**2 + 61*y - 55. Let o be c(1). What is the highest common divisor of o and 377?
13
Let q = 28 - 16. Suppose 5*w + q - 7 = 0. Let t be (w/3)/((-10)/30). What is the highest common factor of t and 3?
1
Let u be (-5)/(-5)*(-3 + 15). Let s be -7 + (7 - (-9 - 171)). Calculate the greatest common factor of s and u.
12
Let h = 21 + 721. Suppose 2*k - 804 = -5*m, -5*k + h = -3*m - 1206. What is the highest common factor of k and 16?
8
Let n = 140 + -63. Suppose -63 = -7*g + n. Let b = -158 - -248. Calculate the greatest common factor of g and b.
10
Let z(b) = 354*b - 131. Let p be z(5). What is the greatest common factor of p and 44?
11
Let j be (((-29)/(-5))/((-4)/(-5)))/((-4)/(-112)). What is the highest common divisor of j and 1247?
29
Suppose -696*q + 692*q + 96 = 0. Calculate the highest common factor of 14160 and q.
24
Let j be (6300/(-49))/(32/(-112)). Calculate the greatest common factor of 18 and j.
18
Let n(o) = -262*o - 7097. Let x be n(-45). What is the highest common divisor of 65 and x?
13
Suppose -k - 1 = -q - 2*k, 0 = 5*q - 5*k - 45. Suppose 0 = 2*v + 4*v - 5*v. Suppose 7*u - 10*u + 30 = v. Calculate the greatest common divisor of q and u.
5
Let b(d) = 510*d**2 + d - 1. Let f be b(1). What is the highest common divisor of f and 2210?
170
Let k(g) = -49*g + 14. Let v(f) = f + 43. Let t be v(-45). Let m be k(t). Suppose -4*u = -3*u - 14. What is the greatest common factor of m and u?
14
Suppose -41*v + 24*v + 510 = 0. Let c = -345 + 381. Calculate the greatest common divisor of v and c.
6
Suppose 2*b - 1559 = 541. Suppose -8*o + b = -54. Calculate the greatest common divisor of 6 and o.
6
Let i(k) = -k**3 + 28*k**2 + 28*k - 181. Let v be i(11). Calculate the greatest common divisor of 16 and v.
8
Let a(c) = -20*c - 85. Let g be a(-5). Suppose g*l = 8 + 157. What is the highest common factor of 11 and l?
11
Let n = -32 + 56. Let y(v) = -5 - 43 - v - 12*v - v**2 + n. Let t be y(-7). Calculate the greatest common factor of 36 and t.
18
Let p = -11884 + 13315. What is the highest common divisor of p and 243?
27
Let a = 1084410 + -1084296. Suppose -2*m - m + 36 = 0. Calculate the highest common divisor of a and m.
6
Suppose -s = 2*s - 3*j - 1176, 2*s - 775 = -j. Suppose -3*o - 5*u + s = 0, -2*o - 2*u = -0*o - 258. What is the greatest common factor of o and 32?
32
Let p(i) = 47*i - 3288. Let u be p(70). Let d = 4 - 2. Suppose -4*s + 8 = -0*s, 0 = d*k - s - 42. What is the highest common factor of k and u?
2
Suppose -2*d = 11*d - 455. Let t be ((480/d)/16)/((-3)/(-14)). Calculate the highest common divisor of 76 and t.
4
Let d = 2095 - -677. What is the greatest common factor of d and 210?
42
Suppose 0 = 2*z - h - 723, -15*z + h = -16*z + 360. What is the highest common divisor of 931 and z?
19
Let v(z) = 15*z - 320. Let h be v(22). Suppose f + 3*f + 88 = 0. Let a = f - -26. What is the greatest common divisor of a and h?
2
Suppose 5*m - 10 = 0, -3*m = 3*w - 6*m - 15. Let a = -47 + 79. Suppose a = 5*f + z, 2*z - 13 = -f + 4*z. What is the greatest common divisor of f and w?
7
Let k(y) = 9*y + 132. Suppose t = -2*z - 23, -12 = -3*z + 5*t - 40. Let a be k(z). Calculate the highest common divisor of 33 and a.
33
Let q = -467 + 463. Let l(m) = 2*m**2 + 18*m + 95. Let d be l(q). What is the greatest common factor of d and 715?
55
Suppose -5*y + 58*y = 10494. What is the highest common factor of y and 110?
22
Let v = 16069 - 15313. Calculate the greatest common factor of 12 and v.
12
Let m = 455 + -455. Suppose -3*x + 207 + 468 = m. Calculate the greatest common divisor of x and 9.
9
Suppose -l - 4*y + 1 = -2, 2*l + 4*y - 22 = 0. Suppose -l = 4*b - 31. Suppose 2*n = h - n + b, 0 = -5*n + 20. What is the greatest common divisor of h and 9?
9
Let c be (-6)/(-24) + 90/24. Suppose 10*p - 11*p = -c. Calculate the highest common factor of p and 10.
2
Let f = -231 + 383. Suppose -5*n = -43*n + f. Suppose 0 = 3*g - 2*l - 13 - 33, -2*l - 78 = -5*g. Calculate the highest common divisor of g and n.
4
Let z(a) = -2*a + 24. Let f be z(9). Let s be 9/f - (-7)/2. Suppose -2*m = 5*h - 2, s*h + m = 3*h. Calculate the greatest common divisor of h and 16.
2
Let s be (-160)/(-6)*468/104. What is the greatest common factor of 520 and s?
40
Suppose 0 = -1747*v + 1897*v - 38550. What is the highest common factor of 1028 and v?
257
Let c be ((-26)/(-10) - 3)/(2/(-25)). Suppose 5*x = -2*d + 807, c = 2*x - 1. What is the greatest common divisor of d and 44?
44
Let a(f) = 5*f**2 + 8*f + 3. Let y(c) = -16*c**2 - 26*c - 8. Let z(p) = 21*a(p) + 6*y(p). Let b be z(-5). Calculate the highest common divisor of b and 45.
45
Let v(h) = -58*h**2 + h**3 + 30*h + 8*h**3 - 11*h**3 + h**2 + 84. Let i be v(-29). What is the highest common divisor of i and 44?
11
Let y = 94 - 39. Let j = -214 + 205. Let v be (75/(-12) - -7)*(-60)/j. Calculate the highest common divisor of y and v.
5
Let c = 131 - 90. Let w = -93 + 109. Let x = 57 - w. Calculate the greatest common divisor of x and c.
41
Suppose -4 = -2*k - 0*k. Let m = k + -4. Let b be (-8)/m*(-13 + 23). Calculate the highest common divisor of b and 8.
8
Let l be ((-12)/18)/((-1320)/(-666) - 2). Suppose -3*c - 5*z = -1298 - l, 1812 = 4*c - 4*z. What is the greatest common factor of 54 and c?
18
Suppose 0*t - 4*t + 16 = 0. Suppose -f + 0*f = 4*i - 29, t*f = -2*i + 32. Suppose -108*w + 120*w = 72. Calc